{"id":43138,"date":"2026-03-19T13:56:28","date_gmt":"2026-03-19T12:56:28","guid":{"rendered":"https:\/\/www.labunie.com.pl\/?page_id=43138"},"modified":"2026-03-19T14:16:52","modified_gmt":"2026-03-19T13:16:52","slug":"nabor-uczestnikow-do-programu-asystent-osobisty-osoby-z-niepelnosprawnoscia-dla-jednostek-samorzadu-terytorialnego-edycja-2026","status":"publish","type":"page","link":"https:\/\/www.labunie.com.pl\/?page_id=43138","title":{"rendered":"Nab\u00f3r uczestnik\u00f3w do Programu \u201eAsystent osobisty osoby z niepe\u0142nosprawno\u015bci\u0105\u201d dla Jednostek Samorz\u0105du Terytorialnego &#8211; edycja 2026"},"content":{"rendered":"<div class=\"wp-block-image\">\n<figure class=\"aligncenter size-full\"><img loading=\"lazy\" decoding=\"async\" width=\"1000\" height=\"155\" src=\"https:\/\/www.labunie.com.pl\/wp-content\/uploads\/2024\/11\/pl-rp-mrpips.png\" alt=\"\" class=\"wp-image-38418\" srcset=\"https:\/\/www.labunie.com.pl\/wp-content\/uploads\/2024\/11\/pl-rp-mrpips.png 1000w, https:\/\/www.labunie.com.pl\/wp-content\/uploads\/2024\/11\/pl-rp-mrpips-300x47.png 300w, https:\/\/www.labunie.com.pl\/wp-content\/uploads\/2024\/11\/pl-rp-mrpips-768x119.png 768w\" sizes=\"auto, (max-width: 1000px) 100vw, 1000px\" \/><\/figure><\/div>\n\n\n<div style=\"height:50px\" aria-hidden=\"true\" class=\"wp-block-spacer\"><\/div>\n\n\n\n<p><strong>W zwi\u0105zku z przyst\u0105pieniem Gminy \u0141abunie do realizacji kolejnej edycji Programu Ministerstwa Rodziny, Pracy i Polityki Spo\u0142ecznej pn. \u201eAsystent osobisty osoby z niepe\u0142nosprawno\u015bci\u0105\u201d dla Jednostek Samorz\u0105du Terytorialnego \u2013 edycja 2026, finansowanego ze \u015brodk\u00f3w Funduszu Solidarno\u015bciowego, Gminny O\u015brodek Pomocy Spo\u0142ecznej w \u0141abuniach og\u0142asza nab\u00f3r os\u00f3b ch\u0119tnych do udzia\u0142u w Programie.<\/strong><\/p>\n\n\n\n<p>Us\u0142ugi asystencji osobistej jako forma powszechnie dost\u0119pnego wsparcia dla os\u00f3b z niepe\u0142nosprawno\u015bciami, maj\u0105 na celu ograniczanie skutk\u00f3w niepe\u0142nosprawno\u015bci, wspieranie aktywno\u015bci uczestnik\u00f3w oraz umo\u017cliwienie im realizacji prawa do niezale\u017cnego \u017cycia.<\/p>\n\n\n\n<p>Program skierowany jest do os\u00f3b posiadaj\u0105cych orzeczenie o znacznym lub umiarkowanym stopniu niepe\u0142nosprawno\u015bci lub traktowane na r\u00f3wni z ww. orzeczeniami, zgodnie z art. 5 i art. 62 ustawy z dnia 27 sierpnia 1997 r. o rehabilitacji zawodowej i spo\u0142ecznej oraz zatrudnianiu os\u00f3b niepe\u0142nosprawnych.<\/p>\n\n\n\n<p>Us\u0142ugi asystencji osobistej polegaj\u0105 na wspieraniu przez asystenta osoby z niepe\u0142nosprawno\u015bci\u0105 w r\u00f3\u017cnych sferach \u017cycia, w tym: <\/p>\n\n\n\n<ul>\n<li>wsparciu uczestnika w czynno\u015bciach samoobs\u0142ugowych, w tym utrzymaniu higieny osobistej,<\/li>\n<li>wsparciu uczestnika w prowadzeniu gospodarstwa domowego i wype\u0142nianiu r\u00f3l w rodzinie,<\/li>\n<li>wsparciu uczestnika w przemieszczaniu si\u0119 poza miejscem zamieszkania,<\/li>\n<li>wsparciu uczestnika w podejmowaniu aktywno\u015bci \u017cyciowej i komunikowaniu si\u0119 z otoczeniem.<\/li>\n<\/ul>\n\n\n\n<p>Gmina \u0141abunie przyznawa\u0107 b\u0119dzie us\u0142ugi asystencji osobistej na podstawie Karty zg\u0142oszenia do Programu \u201eAsystent osobisty osoby z niepe\u0142nosprawno\u015bci\u0105\u201d dla Jednostek Samorz\u0105du Terytorialnego \u2013 edycja 2026 (za\u0142\u0105cznik nr 7 do Programu), a tak\u017ce w oparciu o ocen\u0119 indywidualnej sytuacji osoby z niepe\u0142nosprawno\u015bci\u0105.<\/p>\n\n\n\n<p><strong>Ocena b\u0119dzie obejmowa\u0107 w szczeg\u00f3lno\u015bci: <\/strong><\/p>\n\n\n\n<ol>\n<li>rozpoznanie potrzeb osoby z niepe\u0142nosprawno\u015bci\u0105 wymagaj\u0105cej wsparcia asystenta,<\/li>\n<li>okre\u015blenie poziomu samodzielno\u015bci osoby z niepe\u0142nosprawno\u015bci\u0105,<\/li>\n<li>ustalenie mo\u017cliwo\u015bci uzyskania pomocy od innych os\u00f3b.<\/li>\n<\/ol>\n\n\n\n<p>W pierwszej kolejno\u015bci uwzgl\u0119dnione zostan\u0105 potrzeby: <\/p>\n\n\n\n<ul>\n<li>os\u00f3b z niepe\u0142nosprawno\u015bciami samotnie zamieszkuj\u0105cych i gospodaruj\u0105cych, kt\u00f3re nie korzystaj\u0105 ze wsparcia innych os\u00f3b;<\/li>\n<li>os\u00f3b z niepe\u0142nosprawno\u015bciami wsp\u00f3lnie zamieszkuj\u0105cych i gospodaruj\u0105cych, kt\u00f3re nie maj\u0105 mo\u017cliwo\u015bci wzajemnego wsparcia ani nie korzystaj\u0105 z pomocy innych os\u00f3b.<\/li>\n<\/ul>\n\n\n\n<p><strong>Uwaga!<\/strong><\/p>\n\n\n\n<p>Asystentem mog\u0105 by\u0107 osoby wskazane przez uczestnika Programu lub jego opiekuna prawnego<br>w Karcie zg\u0142oszenia do Programu \u201eAsystent osobisty osoby z niepe\u0142nosprawno\u015bci\u0105\u201d dla Jednostek Samorz\u0105du Terytorialnego \u2013 edycja 2026.<\/p>\n\n\n\n<p>Asystentem nie mo\u017ce by\u0107 osoba, kt\u00f3ra: <\/p>\n\n\n\n<ul>\n<li>jest cz\u0142onkiem rodziny osoby z niepe\u0142nosprawno\u015bci\u0105;<\/li>\n<li>opiekunem prawnym uczestnika;<\/li>\n<li>osob\u0105 faktycznie zamieszkuj\u0105c\u0105 razem z uczestnikiem;<\/li>\n<li>sama jest uczestnikiem program\u00f3w Ministra Rodziny, Pracy i Polityki Spo\u0142ecznej finansowanych ze \u015brodk\u00f3w Funduszu Solidarno\u015bciowego dotycz\u0105cych us\u0142ug asystencji osobistej i opieki wytchnieniowej.<\/li>\n<\/ul>\n\n\n\n<p>W przypadku braku wskazania asystenta, zostanie on wyznaczony przez podmiot, kt\u00f3remu gmina powierzy\u0142a realizacj\u0119 Programu.<\/p>\n\n\n\n<p>Asystent \u015bwiadczy us\u0142ugi wy\u0142\u0105cznie na rzecz osoby z niepe\u0142nosprawno\u015bci\u0105, na podstawie jej decyzji lub decyzji opiekuna prawnego, a nie dla os\u00f3b trzecich, w tym cz\u0142onk\u00f3w rodziny osoby z niepe\u0142nosprawno\u015bci\u0105.<\/p>\n\n\n\n<p>W godzinach realizacji us\u0142ug asystencji osobistej nie mog\u0105 by\u0107 jednocze\u015bnie \u015bwiadczone: <\/p>\n\n\n\n<ul>\n<li>us\u0142ugi opieku\u0144cze lub specjalistyczne us\u0142ugi opieku\u0144cze, o kt\u00f3rych mowa w ustawie z dnia 12 marca 2004 r. o pomocy spo\u0142ecznej (Dz. U. z 2025 r. poz. 1214 z p\u00f3\u017an. zm.);<\/li>\n<li>inne us\u0142ugi finansowane w ramach Funduszu albo finansowane przez Pa\u0144stwowy Fundusz Rehabilitacji Os\u00f3b Niepe\u0142nosprawnych;<\/li>\n<li>us\u0142ugi obejmuj\u0105ce analogiczne wsparcie finansowane ze \u015brodk\u00f3w publicznych.<\/li>\n<\/ul>\n\n\n\n<p>Uczestnik Programu za us\u0142ugi asystencji osobistej nie ponosi odp\u0142atno\u015bci.<\/p>\n\n\n\n<p><strong>Wa\u017cne! <\/strong><\/p>\n\n\n\n<p>Z\u0142o\u017cenie wniosku nie jest r\u00f3wnoznaczne z zakwalifikowaniem osoby do obj\u0119cia pomoc\u0105.<\/p>\n\n\n\n<p>Osoby zainteresowane udzia\u0142em w Programie proszone s\u0105 o zapoznanie si\u0119 z: <\/p>\n\n\n\n<ul>\n<li>Programem &#8220;Asystent osobisty osoby z niepe\u0142nosprawno\u015bci\u0105&#8221; dla JST &#8211; edycja 2026;<\/li>\n<li>Klauzul\u0105 informacyjn\u0105;<\/li>\n<li>Zakresem czynno\u015bci w ramach us\u0142ug asystencji osobistej;<\/li>\n<\/ul>\n\n\n\n<p><strong>oraz przed\u0142o\u017cenie: <\/strong><\/p>\n\n\n\n<ul>\n<li>wype\u0142nionej Karty zg\u0142oszenia do Programu;<\/li>\n<li>obowi\u0105zku informacyjnego;<\/li>\n<li>orzeczenia o niepe\u0142nosprawno\u015bci, stopniu niepe\u0142nosprawno\u015bci b\u0105d\u017a orzeczenia r\u00f3wnowa\u017cnego;<\/li>\n<li>zgody na udost\u0119pnienie danych osobowych;<\/li>\n<\/ul>\n\n\n\n<p>je\u015bli dotyczy: <\/p>\n\n\n\n<ul>\n<li>z\u0142o\u017cenie o\u015bwiadczenia o wskazaniu asystenta;<\/li>\n<li>przed\u0142o\u017cenie pe\u0142nomocnictwa notarialnego, orzeczenia lub za\u015bwiadczenia s\u0105du o ustanowieniu opiekuna prawnego w celu sporz\u0105dzenia uwierzytelnionej kopii dokumentu.<\/li>\n<\/ul>\n\n\n\n<p>Koordynatorem Programu jest Kierownik GOPS \u0141abunie \u2013 Pani Anna Syska.<\/p>\n\n\n\n<p>Dokumenty nale\u017cy sk\u0142ada\u0107 w Gminnym O\u015brodku Pomocy Spo\u0142ecznej w \u0141abuniach, ul. Orzechowa 10, 22-437 \u0141abunie, od poniedzia\u0142ku do pi\u0105tku w godz. 7.30\u201314.30.<\/p>\n\n\n\n<p>Szczeg\u00f3\u0142owe informacje mo\u017cna uzyska\u0107 pod nr tel. 84 61 130 08 oraz email: gops-labunie@cor.pl.<\/p>\n\n\n\n<p><strong>Nab\u00f3r ch\u0119tnych do udzia\u0142u w Programie potrwa od 23 marca 2026 r. do 10 kwietnia 2026 r.<\/strong><\/p>\n\n\n\n<p>Program b\u0119dzie realizowany do 31 grudnia 2026 r.<\/p>\n\n\n\n<div style=\"height:50px\" aria-hidden=\"true\" class=\"wp-block-spacer\"><\/div>\n\n\n\n<div class=\"wp-block-file\"><a id=\"wp-block-file--media-86ce6f08-04a7-4a2d-a844-41d3ad9086b6\" href=\"https:\/\/www.labunie.com.pl\/wp-content\/uploads\/2026\/03\/1.-Program-aoon-jst-2026.pdf\">Program \u201eAsystent osobisty osoby z niepe\u0142nosprawno\u015bci\u0105\u201d dla Jednostek Samorz\u0105du Terytorialnego &#8211; edycja 2026<\/a><a href=\"https:\/\/www.labunie.com.pl\/wp-content\/uploads\/2026\/03\/1.-Program-aoon-jst-2026.pdf\" class=\"wp-block-file__button wp-element-button\" download aria-describedby=\"wp-block-file--media-86ce6f08-04a7-4a2d-a844-41d3ad9086b6\">Pobierz<\/a><\/div>\n\n\n\n<div class=\"wp-block-file\"><a id=\"wp-block-file--media-96bea0ad-153f-45e1-a0e6-83c1e859762e\" href=\"https:\/\/www.labunie.com.pl\/wp-content\/uploads\/2026\/03\/3.-Karta-zakresu-czynnosci-do-programu-aoon-jst-2026.pdf\">Karta zakresu czynno\u015bci w ramach us\u0142ug asystencji osobistej do Programu \u201eAsystent osobisty osoby z niepe\u0142nosprawno\u015bci\u0105\u201d dla Jednostek Samorz\u0105du Terytorialnego &#8211; edycja 2026<\/a><a href=\"https:\/\/www.labunie.com.pl\/wp-content\/uploads\/2026\/03\/3.-Karta-zakresu-czynnosci-do-programu-aoon-jst-2026.pdf\" class=\"wp-block-file__button wp-element-button\" download aria-describedby=\"wp-block-file--media-96bea0ad-153f-45e1-a0e6-83c1e859762e\">Pobierz<\/a><\/div>\n\n\n\n<div class=\"wp-block-file\"><a id=\"wp-block-file--media-e79722ae-0208-48d4-b161-652d79800ed8\" href=\"https:\/\/www.labunie.com.pl\/wp-content\/uploads\/2026\/03\/4.-Karta-zgloszenia-do-programu-aoon-jst-2026.pdf\">Karta zg\u0142oszenia do Programu \u201eAsystent osobisty osoby z niepe\u0142nosprawno\u015bci\u0105\u201d dla Jednostek Samorz\u0105du Terytorialnego &#8211; edycja 2026<\/a><a href=\"https:\/\/www.labunie.com.pl\/wp-content\/uploads\/2026\/03\/4.-Karta-zgloszenia-do-programu-aoon-jst-2026.pdf\" class=\"wp-block-file__button wp-element-button\" download aria-describedby=\"wp-block-file--media-e79722ae-0208-48d4-b161-652d79800ed8\">Pobierz<\/a><\/div>\n\n\n\n<div class=\"wp-block-file\"><a id=\"wp-block-file--media-17ea1b04-4647-455f-80f6-98e049f827a0\" href=\"https:\/\/www.labunie.com.pl\/wp-content\/uploads\/2026\/03\/5.-Klauzula_RODO-GOPS.pdf\">Klauzula informacyjna RODO w ramach Programu \u201eAsystent osobisty osoby z niepe\u0142nosprawno\u015bci\u0105\u201d dla Jednostek Samorz\u0105du Terytorialnego \u2013 edycja 2026.<\/a><a href=\"https:\/\/www.labunie.com.pl\/wp-content\/uploads\/2026\/03\/5.-Klauzula_RODO-GOPS.pdf\" class=\"wp-block-file__button wp-element-button\" download aria-describedby=\"wp-block-file--media-17ea1b04-4647-455f-80f6-98e049f827a0\">Pobierz<\/a><\/div>\n\n\n","protected":false},"excerpt":{"rendered":"<p>W zwi\u0105zku z przyst\u0105pieniem Gminy \u0141abunie do realizacji kolejnej edycji Programu Ministerstwa Rodziny, Pracy i Polityki Spo\u0142ecznej pn. \u201eAsystent osobisty osoby z niepe\u0142nosprawno\u015bci\u0105\u201d dla Jednostek Samorz\u0105du Terytorialnego \u2013 edycja 2026, finansowanego ze \u015brodk\u00f3w Funduszu Solidarno\u015bciowego, Gminny O\u015brodek Pomocy Spo\u0142ecznej w \u0141abuniach og\u0142asza nab\u00f3r os\u00f3b ch\u0119tnych do udzia\u0142u w Programie. Us\u0142ugi asystencji osobistej jako forma powszechnie [&hellip;]<\/p>\n","protected":false},"author":7,"featured_media":0,"parent":0,"menu_order":0,"comment_status":"closed","ping_status":"closed","template":"","meta":{"footnotes":""},"class_list":["post-43138","page","type-page","status-publish","hentry","clearfix"],"_links":{"self":[{"href":"https:\/\/www.labunie.com.pl\/index.php?rest_route=\/wp\/v2\/pages\/43138","targetHints":{"allow":["GET"]}}],"collection":[{"href":"https:\/\/www.labunie.com.pl\/index.php?rest_route=\/wp\/v2\/pages"}],"about":[{"href":"https:\/\/www.labunie.com.pl\/index.php?rest_route=\/wp\/v2\/types\/page"}],"author":[{"embeddable":true,"href":"https:\/\/www.labunie.com.pl\/index.php?rest_route=\/wp\/v2\/users\/7"}],"replies":[{"embeddable":true,"href":"https:\/\/www.labunie.com.pl\/index.php?rest_route=%2Fwp%2Fv2%2Fcomments&post=43138"}],"version-history":[{"count":3,"href":"https:\/\/www.labunie.com.pl\/index.php?rest_route=\/wp\/v2\/pages\/43138\/revisions"}],"predecessor-version":[{"id":43148,"href":"https:\/\/www.labunie.com.pl\/index.php?rest_route=\/wp\/v2\/pages\/43138\/revisions\/43148"}],"wp:attachment":[{"href":"https:\/\/www.labunie.com.pl\/index.php?rest_route=%2Fwp%2Fv2%2Fmedia&parent=43138"}],"curies":[{"name":"wp","href":"https:\/\/api.w.org\/{rel}","templated":true}]}}