{"id":39392,"date":"2025-02-03T10:56:31","date_gmt":"2025-02-03T09:56:31","guid":{"rendered":"https:\/\/www.labunie.com.pl\/?page_id=39392"},"modified":"2025-03-17T14:00:26","modified_gmt":"2025-03-17T13:00:26","slug":"remonty-wybranych-miejsc-pamieci-z-terenu-gminy-labunie","status":"publish","type":"page","link":"https:\/\/www.labunie.com.pl\/?page_id=39392","title":{"rendered":"Remont wybranych miejsc pami\u0119ci z terenu gminy \u0141abunie"},"content":{"rendered":"\n<p style=\"text-align: justify;\">Przeprowadzenie prac konserwatorskich restauratorskich lub rob\u00f3t budowlanych dotycz\u0105cych miejsc pami\u0119ci takich jak: w \u0141abuniach kurhan powsta\u0144c\u00f3w styczniowych z 1863r, w \u0141abu\u0144kach Pierwszych cmentarz wojenny z 1914r wraz z otoczeniem, w \u0141abuniach Reformie kurhan-kopiec, w Barchaczowie mogi\u0142a nieznanego \u017co\u0142nierza z 1939, krzy\u017c na kopcu z 1942r, pomnik bitwy z 1939r i remont Izby Muzealnej w kt\u00f3rej znajduje si\u0119 ekspozycja bitwy o wzg\u00f3rze 256 z 1939 roku.<\/p>\n<p><strong>Data zawarcia umowy:<\/strong> 12.12.2024<\/p>\n<p><strong>Warto\u015b\u0107 zadania:<\/strong> 297.699,36<\/p>\n<p><strong>Warto\u015b\u0107 dofinansowania:<\/strong> 220.500,00<\/p>\n\n\n\n<div style=\"height:24px\" aria-hidden=\"true\" class=\"wp-block-spacer\"><\/div>\n\n\n\n<figure class=\"wp-block-image size-large\"><img loading=\"lazy\" decoding=\"async\" width=\"1024\" height=\"680\" src=\"https:\/\/www.labunie.com.pl\/wp-content\/uploads\/2025\/03\/14-1024x680.png\" alt=\"\" class=\"wp-image-39817\" srcset=\"https:\/\/www.labunie.com.pl\/wp-content\/uploads\/2025\/03\/14-1024x680.png 1024w, https:\/\/www.labunie.com.pl\/wp-content\/uploads\/2025\/03\/14-300x199.png 300w, https:\/\/www.labunie.com.pl\/wp-content\/uploads\/2025\/03\/14-768x510.png 768w, https:\/\/www.labunie.com.pl\/wp-content\/uploads\/2025\/03\/14.png 1418w\" sizes=\"auto, (max-width: 1024px) 100vw, 1024px\" \/><\/figure>\n","protected":false},"excerpt":{"rendered":"<p>Przeprowadzenie prac konserwatorskich restauratorskich lub rob\u00f3t budowlanych dotycz\u0105cych miejsc pami\u0119ci takich jak: w \u0141abuniach kurhan powsta\u0144c\u00f3w styczniowych z 1863r, w \u0141abu\u0144kach Pierwszych cmentarz wojenny z 1914r wraz z otoczeniem, w \u0141abuniach Reformie kurhan-kopiec, w Barchaczowie mogi\u0142a nieznanego \u017co\u0142nierza z 1939, krzy\u017c na kopcu z 1942r, pomnik bitwy z 1939r i remont Izby Muzealnej w kt\u00f3rej [&hellip;]<\/p>\n","protected":false},"author":11,"featured_media":0,"parent":0,"menu_order":0,"comment_status":"closed","ping_status":"closed","template":"","meta":{"footnotes":""},"class_list":["post-39392","page","type-page","status-publish","hentry","clearfix"],"_links":{"self":[{"href":"https:\/\/www.labunie.com.pl\/index.php?rest_route=\/wp\/v2\/pages\/39392","targetHints":{"allow":["GET"]}}],"collection":[{"href":"https:\/\/www.labunie.com.pl\/index.php?rest_route=\/wp\/v2\/pages"}],"about":[{"href":"https:\/\/www.labunie.com.pl\/index.php?rest_route=\/wp\/v2\/types\/page"}],"author":[{"embeddable":true,"href":"https:\/\/www.labunie.com.pl\/index.php?rest_route=\/wp\/v2\/users\/11"}],"replies":[{"embeddable":true,"href":"https:\/\/www.labunie.com.pl\/index.php?rest_route=%2Fwp%2Fv2%2Fcomments&post=39392"}],"version-history":[{"count":2,"href":"https:\/\/www.labunie.com.pl\/index.php?rest_route=\/wp\/v2\/pages\/39392\/revisions"}],"predecessor-version":[{"id":39818,"href":"https:\/\/www.labunie.com.pl\/index.php?rest_route=\/wp\/v2\/pages\/39392\/revisions\/39818"}],"wp:attachment":[{"href":"https:\/\/www.labunie.com.pl\/index.php?rest_route=%2Fwp%2Fv2%2Fmedia&parent=39392"}],"curies":[{"name":"wp","href":"https:\/\/api.w.org\/{rel}","templated":true}]}}