{"id":38904,"date":"2025-01-02T11:41:11","date_gmt":"2025-01-02T10:41:11","guid":{"rendered":"https:\/\/www.labunie.com.pl\/?page_id=38904"},"modified":"2026-03-19T14:03:21","modified_gmt":"2026-03-19T13:03:21","slug":"asystent-osobisty-osoby-z-niepelnosprawnoscia-dla-jednostek-samorzadu-terytorialnego-edycja-2025","status":"publish","type":"page","link":"https:\/\/www.labunie.com.pl\/?page_id=38904","title":{"rendered":"Asystent osobisty osoby z niepe\u0142nosprawno\u015bci\u0105 dla Jednostek Samorz\u0105du Terytorialnego \u2013 edycja 2026"},"content":{"rendered":"\n<div style=\"height:20px\" aria-hidden=\"true\" class=\"wp-block-spacer\"><\/div>\n\n\n\n<figure class=\"wp-block-image size-large\"><img loading=\"lazy\" decoding=\"async\" width=\"1000\" height=\"155\" src=\"https:\/\/www.labunie.com.pl\/wp-content\/uploads\/2024\/11\/pl-rp-mrpips.png\" alt=\"\" class=\"wp-image-38418\" srcset=\"https:\/\/www.labunie.com.pl\/wp-content\/uploads\/2024\/11\/pl-rp-mrpips.png 1000w, https:\/\/www.labunie.com.pl\/wp-content\/uploads\/2024\/11\/pl-rp-mrpips-300x47.png 300w, https:\/\/www.labunie.com.pl\/wp-content\/uploads\/2024\/11\/pl-rp-mrpips-768x119.png 768w\" sizes=\"auto, (max-width: 1000px) 100vw, 1000px\" \/><\/figure>\n\n\n\n<div style=\"height:50px\" aria-hidden=\"true\" class=\"wp-block-spacer\"><\/div>\n\n\n\n<figure class=\"wp-block-embed is-type-wp-embed is-provider-urz-d-gminy-abunie wp-block-embed-urz-d-gminy-abunie\"><div class=\"wp-block-embed__wrapper\">\n<blockquote class=\"wp-embedded-content\" data-secret=\"HZGXHPx8eu\"><a href=\"https:\/\/www.labunie.com.pl\/?page_id=43138\">Nab\u00f3r uczestnik\u00f3w do Programu \u201eAsystent osobisty osoby z niepe\u0142nosprawno\u015bci\u0105\u201d dla Jednostek Samorz\u0105du Terytorialnego &#8211; edycja 2026<\/a><\/blockquote><iframe loading=\"lazy\" class=\"wp-embedded-content\" sandbox=\"allow-scripts\" security=\"restricted\" style=\"position: absolute; visibility: hidden;\" title=\"&#8222;Nab\u00f3r uczestnik\u00f3w do Programu \u201eAsystent osobisty osoby z niepe\u0142nosprawno\u015bci\u0105\u201d dla Jednostek Samorz\u0105du Terytorialnego &#8211; edycja 2026&#8221; &#8212; Urz\u0105d Gminy \u0141abunie\" src=\"https:\/\/www.labunie.com.pl\/?page_id=43138&#038;embed=true#?secret=7kYbsj5TrS#?secret=HZGXHPx8eu\" data-secret=\"HZGXHPx8eu\" width=\"600\" height=\"338\" frameborder=\"0\" marginwidth=\"0\" marginheight=\"0\" scrolling=\"no\"><\/iframe>\n<\/div><\/figure>\n\n\n\n<figure class=\"wp-block-embed is-type-wp-embed is-provider-urz-d-gminy-abunie wp-block-embed-urz-d-gminy-abunie\"><div class=\"wp-block-embed__wrapper\">\n<blockquote class=\"wp-embedded-content\" data-secret=\"iXKDiPwVq1\"><a href=\"https:\/\/www.labunie.com.pl\/?page_id=43142\">Asystent osobisty osoby z niepe\u0142nosprawno\u015bci\u0105 dla Jednostek Samorz\u0105du Terytorialnego \u2013 edycja 2026 &#8211; informacja<\/a><\/blockquote><iframe loading=\"lazy\" class=\"wp-embedded-content\" sandbox=\"allow-scripts\" security=\"restricted\" style=\"position: absolute; visibility: hidden;\" title=\"&#8222;Asystent osobisty osoby z niepe\u0142nosprawno\u015bci\u0105 dla Jednostek Samorz\u0105du Terytorialnego \u2013 edycja 2026 &#8211; informacja&#8221; &#8212; Urz\u0105d Gminy \u0141abunie\" src=\"https:\/\/www.labunie.com.pl\/?page_id=43142&#038;embed=true#?secret=GNvSYtCpRz#?secret=iXKDiPwVq1\" data-secret=\"iXKDiPwVq1\" width=\"600\" height=\"338\" frameborder=\"0\" marginwidth=\"0\" marginheight=\"0\" scrolling=\"no\"><\/iframe>\n<\/div><\/figure>\n","protected":false},"excerpt":{"rendered":"","protected":false},"author":7,"featured_media":0,"parent":0,"menu_order":0,"comment_status":"closed","ping_status":"closed","template":"","meta":{"footnotes":""},"class_list":["post-38904","page","type-page","status-publish","hentry","clearfix"],"_links":{"self":[{"href":"https:\/\/www.labunie.com.pl\/index.php?rest_route=\/wp\/v2\/pages\/38904","targetHints":{"allow":["GET"]}}],"collection":[{"href":"https:\/\/www.labunie.com.pl\/index.php?rest_route=\/wp\/v2\/pages"}],"about":[{"href":"https:\/\/www.labunie.com.pl\/index.php?rest_route=\/wp\/v2\/types\/page"}],"author":[{"embeddable":true,"href":"https:\/\/www.labunie.com.pl\/index.php?rest_route=\/wp\/v2\/users\/7"}],"replies":[{"embeddable":true,"href":"https:\/\/www.labunie.com.pl\/index.php?rest_route=%2Fwp%2Fv2%2Fcomments&post=38904"}],"version-history":[{"count":8,"href":"https:\/\/www.labunie.com.pl\/index.php?rest_route=\/wp\/v2\/pages\/38904\/revisions"}],"predecessor-version":[{"id":43147,"href":"https:\/\/www.labunie.com.pl\/index.php?rest_route=\/wp\/v2\/pages\/38904\/revisions\/43147"}],"wp:attachment":[{"href":"https:\/\/www.labunie.com.pl\/index.php?rest_route=%2Fwp%2Fv2%2Fmedia&parent=38904"}],"curies":[{"name":"wp","href":"https:\/\/api.w.org\/{rel}","templated":true}]}}