{"id":35114,"date":"2024-02-14T10:34:37","date_gmt":"2024-02-14T09:34:37","guid":{"rendered":"https:\/\/www.labunie.com.pl\/?page_id=35114"},"modified":"2024-02-14T10:43:05","modified_gmt":"2024-02-14T09:43:05","slug":"remont-drogi-gminnej-nr-110888l-ul-lipowa-w-miejscowosci-labunie","status":"publish","type":"page","link":"https:\/\/www.labunie.com.pl\/?page_id=35114","title":{"rendered":"Remont drogi gminnej nr 110888L (ul. Lipowa) w miejscowo\u015bci \u0141abunie"},"content":{"rendered":"\n\n\n<div class=\"wp-block-image\"><figure class=\"aligncenter size-large is-resized\"><img loading=\"lazy\" decoding=\"async\" src=\"https:\/\/www.labunie.com.pl\/wp-content\/uploads\/2021\/11\/rfrd_znaki-1024x341.png\" alt=\"\" class=\"wp-image-23867\" width=\"500\" height=\"163\"\/><\/figure><\/div>\n\n\n\n<p><strong>Gmina \u0141abunie pozyska\u0142a \u015brodki finansowe z Rz\u0105dowego Funduszu Rozwoju Dr\u00f3g na\u00a0 wykonanie zadania pn: \u201eRemont drogi gminnej nr 110888L (ul. Lipowa) w miejscowo\u015bci \u0141abunie\u201d na odcinku d\u0142ugo\u015bci 1520 m.<\/strong><\/p>\n\n\n\n<div style=\"height:20px\" aria-hidden=\"true\" class=\"wp-block-spacer\"><\/div>\n\n\n\n<p>W ramach zadania zostanie wykonane:<\/p>\n\n\n\n<ul class=\"wp-block-list\"><li>warstwa profiluj\u0105co-wyr\u00f3wnawcza z betonu asfaltowego<\/li><li>warstwa \u015bcieralna z betonu asfaltowego<\/li><li>odtworzenie obustronnych poboczy o nawierzchni gruntowej<\/li><li>regulacja wysoko\u015bciowa zjazd\u00f3w (dostosowanie do nowej niwelety jezdni)<\/li><\/ul>\n\n\n\n<div style=\"height:20px\" aria-hidden=\"true\" class=\"wp-block-spacer\"><\/div>\n\n\n\n<p>Ca\u0142kowita warto\u015b\u0107 zadania: <strong>960&nbsp;606,32 z\u0142.<\/strong><\/p>\n\n\n\n<p>Dofinansowanie: <strong>768&nbsp;485,06 z\u0142.<\/strong><\/p>\n\n\n\n<div style=\"height:20px\" aria-hidden=\"true\" class=\"wp-block-spacer\"><\/div>\n\n\n\n<p>Wykonawc\u0105 rob\u00f3t b\u0119dzie Przedsi\u0119biorstwo Wielobran\u017cowe \u201eSADEX\u201d Janusz Sadlik z siedzib\u0105 w Kolonii Sitno wy\u0142onione w przeprowadzonym post\u0119powaniu o udzielenie zam\u00f3wienia publicznego.<\/p>\n\n\n\n<p><strong>Termin zako\u0144czenia rob\u00f3t 30 czerwca 2024 r.<\/strong><\/p>\n\n\n\n<div style=\"height:100px\" aria-hidden=\"true\" class=\"wp-block-spacer\"><\/div>\n\n\n\n<figure class=\"wp-block-gallery columns-2 is-cropped wp-block-gallery-1 is-layout-flex wp-block-gallery-is-layout-flex\"><ul class=\"blocks-gallery-grid\"><li class=\"blocks-gallery-item\"><figure><a href=\"https:\/\/www.labunie.com.pl\/wp-content\/uploads\/2024\/02\/lipowa_remont_2024-001.jpg\" data-rel=\"lightbox-gallery-XMd82lYl\" data-rl_title=\"\" data-rl_caption=\"\" title=\"\"><img loading=\"lazy\" decoding=\"async\" width=\"1024\" height=\"682\" src=\"https:\/\/www.labunie.com.pl\/wp-content\/uploads\/2024\/02\/lipowa_remont_2024-001-1024x682.jpg\" alt=\"\" data-id=\"35115\" data-full-url=\"https:\/\/www.labunie.com.pl\/wp-content\/uploads\/2024\/02\/lipowa_remont_2024-001.jpg\" data-link=\"https:\/\/www.labunie.com.pl\/?attachment_id=35115\" class=\"wp-image-35115\" srcset=\"https:\/\/www.labunie.com.pl\/wp-content\/uploads\/2024\/02\/lipowa_remont_2024-001-1024x682.jpg 1024w, https:\/\/www.labunie.com.pl\/wp-content\/uploads\/2024\/02\/lipowa_remont_2024-001-300x200.jpg 300w, https:\/\/www.labunie.com.pl\/wp-content\/uploads\/2024\/02\/lipowa_remont_2024-001-768x511.jpg 768w, https:\/\/www.labunie.com.pl\/wp-content\/uploads\/2024\/02\/lipowa_remont_2024-001-1536x1023.jpg 1536w, https:\/\/www.labunie.com.pl\/wp-content\/uploads\/2024\/02\/lipowa_remont_2024-001.jpg 2000w\" sizes=\"auto, (max-width: 1024px) 100vw, 1024px\" \/><\/a><\/figure><\/li><li class=\"blocks-gallery-item\"><figure><a href=\"https:\/\/www.labunie.com.pl\/wp-content\/uploads\/2024\/02\/lipowa_remont_2024-002.jpg\" data-rel=\"lightbox-gallery-XMd82lYl\" data-rl_title=\"\" data-rl_caption=\"\" title=\"\"><img loading=\"lazy\" decoding=\"async\" width=\"1024\" height=\"682\" src=\"https:\/\/www.labunie.com.pl\/wp-content\/uploads\/2024\/02\/lipowa_remont_2024-002-1024x682.jpg\" alt=\"\" data-id=\"35116\" data-full-url=\"https:\/\/www.labunie.com.pl\/wp-content\/uploads\/2024\/02\/lipowa_remont_2024-002.jpg\" data-link=\"https:\/\/www.labunie.com.pl\/?attachment_id=35116\" class=\"wp-image-35116\" srcset=\"https:\/\/www.labunie.com.pl\/wp-content\/uploads\/2024\/02\/lipowa_remont_2024-002-1024x682.jpg 1024w, https:\/\/www.labunie.com.pl\/wp-content\/uploads\/2024\/02\/lipowa_remont_2024-002-300x200.jpg 300w, https:\/\/www.labunie.com.pl\/wp-content\/uploads\/2024\/02\/lipowa_remont_2024-002-768x511.jpg 768w, https:\/\/www.labunie.com.pl\/wp-content\/uploads\/2024\/02\/lipowa_remont_2024-002-1536x1023.jpg 1536w, https:\/\/www.labunie.com.pl\/wp-content\/uploads\/2024\/02\/lipowa_remont_2024-002.jpg 2000w\" sizes=\"auto, (max-width: 1024px) 100vw, 1024px\" \/><\/a><\/figure><\/li><\/ul><\/figure>\n\n\n\n<figure class=\"wp-block-image size-large\"><img loading=\"lazy\" decoding=\"async\" width=\"1000\" height=\"667\" src=\"https:\/\/www.labunie.com.pl\/wp-content\/uploads\/2024\/02\/lipowa_remont_2024-003t.jpg\" alt=\"\" class=\"wp-image-35120\" srcset=\"https:\/\/www.labunie.com.pl\/wp-content\/uploads\/2024\/02\/lipowa_remont_2024-003t.jpg 1000w, https:\/\/www.labunie.com.pl\/wp-content\/uploads\/2024\/02\/lipowa_remont_2024-003t-300x200.jpg 300w, https:\/\/www.labunie.com.pl\/wp-content\/uploads\/2024\/02\/lipowa_remont_2024-003t-768x512.jpg 768w\" sizes=\"auto, (max-width: 1000px) 100vw, 1000px\" \/><\/figure>\n","protected":false},"excerpt":{"rendered":"<p>Gmina \u0141abunie pozyska\u0142a \u015brodki finansowe z Rz\u0105dowego Funduszu Rozwoju Dr\u00f3g na\u00a0 wykonanie zadania pn: \u201eRemont drogi gminnej nr 110888L (ul. Lipowa) w miejscowo\u015bci \u0141abunie\u201d na odcinku d\u0142ugo\u015bci 1520 m. W ramach zadania zostanie wykonane: warstwa profiluj\u0105co-wyr\u00f3wnawcza z betonu asfaltowego warstwa \u015bcieralna z betonu asfaltowego odtworzenie obustronnych poboczy o nawierzchni gruntowej regulacja wysoko\u015bciowa zjazd\u00f3w (dostosowanie do [&hellip;]<\/p>\n","protected":false},"author":7,"featured_media":0,"parent":0,"menu_order":0,"comment_status":"closed","ping_status":"closed","template":"","meta":{"footnotes":""},"class_list":["post-35114","page","type-page","status-publish","hentry","clearfix"],"_links":{"self":[{"href":"https:\/\/www.labunie.com.pl\/index.php?rest_route=\/wp\/v2\/pages\/35114","targetHints":{"allow":["GET"]}}],"collection":[{"href":"https:\/\/www.labunie.com.pl\/index.php?rest_route=\/wp\/v2\/pages"}],"about":[{"href":"https:\/\/www.labunie.com.pl\/index.php?rest_route=\/wp\/v2\/types\/page"}],"author":[{"embeddable":true,"href":"https:\/\/www.labunie.com.pl\/index.php?rest_route=\/wp\/v2\/users\/7"}],"replies":[{"embeddable":true,"href":"https:\/\/www.labunie.com.pl\/index.php?rest_route=%2Fwp%2Fv2%2Fcomments&post=35114"}],"version-history":[{"count":2,"href":"https:\/\/www.labunie.com.pl\/index.php?rest_route=\/wp\/v2\/pages\/35114\/revisions"}],"predecessor-version":[{"id":35121,"href":"https:\/\/www.labunie.com.pl\/index.php?rest_route=\/wp\/v2\/pages\/35114\/revisions\/35121"}],"wp:attachment":[{"href":"https:\/\/www.labunie.com.pl\/index.php?rest_route=%2Fwp%2Fv2%2Fmedia&parent=35114"}],"curies":[{"name":"wp","href":"https:\/\/api.w.org\/{rel}","templated":true}]}}