{"id":19946,"date":"2021-01-07T15:49:22","date_gmt":"2021-01-07T14:49:22","guid":{"rendered":"https:\/\/www.labunie.com.pl\/?page_id=19946"},"modified":"2024-07-26T12:47:10","modified_gmt":"2024-07-26T10:47:10","slug":"oplaty-alkoholowe","status":"publish","type":"page","link":"https:\/\/www.labunie.com.pl\/?page_id=19946","title":{"rendered":"Sprzeda\u017c alkoholu"},"content":{"rendered":"\n\n\n<div class=\"wp-block-buttons is-layout-flex wp-block-buttons-is-layout-flex\">\n<div class=\"wp-block-button\"><a class=\"wp-block-button__link\" href=\"https:\/\/www.biznes.gov.pl\/pl\/firma\/zezwolenia-koncesje-wpisy-do-rejestru\/chce-uzyskac-zezwolenie-koncesje-wpis-do-rejestru-dzialalnosci-regulowanej54\/proc_280-zezwolenie-na-sprzedaz-alkoholu\" target=\"_blank\" rel=\"noreferrer noopener\">Zezwolenie na detaliczn\u0105 sprzeda\u017c alkoholu<\/a><\/div>\n<\/div>\n\n\n\n<div style=\"height:40px\" aria-hidden=\"true\" class=\"wp-block-spacer\"><\/div>\n\n\n\n<div class=\"wp-block-file\"><a href=\"https:\/\/www.labunie.com.pl\/wp-content\/uploads\/2021\/08\/Wniosek_detal_sprzedaz.doc\">Wniosek o wydanie zezwolenia na sprzeda\u017c napoj\u00f3w alkoholowych przeznaczonych do spo\u017cycia w miejscu lub poza miejscem sprzeda\u017cy<\/a><a href=\"https:\/\/www.labunie.com.pl\/wp-content\/uploads\/2021\/08\/Wniosek_detal_sprzedaz.doc\" class=\"wp-block-file__button\" download>Pobierz<\/a><\/div>\n\n\n\n<div style=\"height:20px\" aria-hidden=\"true\" class=\"wp-block-spacer\"><\/div>\n\n\n\n<div class=\"wp-block-file\"><a href=\"https:\/\/www.labunie.com.pl\/wp-content\/uploads\/2023\/01\/Oswiadczenie_roczne_wartosc_sprzed_nap_alkoholowych_2019_v1.pdf\">O\u015bwiadczenie o warto\u015bci sprzeda\u017cy napoj\u00f3w alkoholowych<\/a><a href=\"https:\/\/www.labunie.com.pl\/wp-content\/uploads\/2023\/01\/Oswiadczenie_roczne_wartosc_sprzed_nap_alkoholowych_2019_v1.pdf\" class=\"wp-block-file__button\" download>Pobierz<\/a><\/div>\n\n\n\n<div style=\"height:20px\" aria-hidden=\"true\" class=\"wp-block-spacer\"><\/div>\n\n\n\n<div class=\"wp-block-file\"><a href=\"https:\/\/www.labunie.com.pl\/wp-content\/uploads\/2024\/07\/Wniosek_detal_jednoraz..doc\">Wniosek o wydanie jednorazowego zezwolenia na sprzeda\u017c detaliczn\u0105 napoj\u00f3w alkoholowych.<\/a><a href=\"https:\/\/www.labunie.com.pl\/wp-content\/uploads\/2024\/07\/Wniosek_detal_jednoraz..doc\" class=\"wp-block-file__button\" download>Pobierz<\/a><\/div>\n\n\n","protected":false},"excerpt":{"rendered":"","protected":false},"author":7,"featured_media":0,"parent":553,"menu_order":0,"comment_status":"closed","ping_status":"closed","template":"","meta":{"footnotes":""},"class_list":["post-19946","page","type-page","status-publish","hentry","clearfix"],"_links":{"self":[{"href":"https:\/\/www.labunie.com.pl\/index.php?rest_route=\/wp\/v2\/pages\/19946","targetHints":{"allow":["GET"]}}],"collection":[{"href":"https:\/\/www.labunie.com.pl\/index.php?rest_route=\/wp\/v2\/pages"}],"about":[{"href":"https:\/\/www.labunie.com.pl\/index.php?rest_route=\/wp\/v2\/types\/page"}],"author":[{"embeddable":true,"href":"https:\/\/www.labunie.com.pl\/index.php?rest_route=\/wp\/v2\/users\/7"}],"replies":[{"embeddable":true,"href":"https:\/\/www.labunie.com.pl\/index.php?rest_route=%2Fwp%2Fv2%2Fcomments&post=19946"}],"version-history":[{"count":5,"href":"https:\/\/www.labunie.com.pl\/index.php?rest_route=\/wp\/v2\/pages\/19946\/revisions"}],"predecessor-version":[{"id":37280,"href":"https:\/\/www.labunie.com.pl\/index.php?rest_route=\/wp\/v2\/pages\/19946\/revisions\/37280"}],"up":[{"embeddable":true,"href":"https:\/\/www.labunie.com.pl\/index.php?rest_route=\/wp\/v2\/pages\/553"}],"wp:attachment":[{"href":"https:\/\/www.labunie.com.pl\/index.php?rest_route=%2Fwp%2Fv2%2Fmedia&parent=19946"}],"curies":[{"name":"wp","href":"https:\/\/api.w.org\/{rel}","templated":true}]}}