{"id":19776,"date":"2020-12-19T11:47:34","date_gmt":"2020-12-19T10:47:34","guid":{"rendered":"https:\/\/www.labunie.com.pl\/?page_id=19776"},"modified":"2025-09-01T09:45:54","modified_gmt":"2025-09-01T07:45:54","slug":"inwestycje-i-budownictwo","status":"publish","type":"page","link":"https:\/\/www.labunie.com.pl\/?page_id=19776","title":{"rendered":"Inwestycje i budownictwo"},"content":{"rendered":"\n<div class=\"wp-block-file\"><a href=\"https:\/\/www.labunie.com.pl\/wp-content\/uploads\/2021\/08\/wniosek_o_ustalenie_numeru_porzadkowego.pdf\"><strong><span style=\"color:#cf2e2e\" class=\"tadv-color\">NOWY!!! <\/span><\/strong>Wniosek o ustalenie numeru porz\u0105dkowego<\/a><a href=\"https:\/\/www.labunie.com.pl\/wp-content\/uploads\/2021\/08\/wniosek_o_ustalenie_numeru_porzadkowego.pdf\" class=\"wp-block-file__button\" download>Pobierz<\/a><\/div>\n\n\n\n<div class=\"wp-block-file\"><a href=\"https:\/\/www.labunie.com.pl\/wp-content\/uploads\/2020\/03\/Wniosek-o-wydanie-wyrys-i-wypis-z-mpzp.pdf\">Wniosek o wydanie wyrysu i wypisu z Miejscowego Planu Zagospodarowania Przestrzennego<\/a><a href=\"https:\/\/www.labunie.com.pl\/wp-content\/uploads\/2020\/03\/Wniosek-o-wydanie-wyrys-i-wypis-z-mpzp.pdf\" class=\"wp-block-file__button\" download>Pobierz<\/a><\/div>\n\n\n\n<div class=\"wp-block-file\"><a href=\"https:\/\/www.labunie.com.pl\/wp-content\/uploads\/2020\/03\/Wniosek-o-wydanie-za\u015bwiadczenia-o-po\u0142ozeniu-dzia\u0142ki-w-mpzp.pdf\">Wniosek o wydanie za\u015bwiadczenia o po\u0142o\u017ceniu dzia\u0142ki zgodnie z Miejscowym Planem Zagospodarowania Przestrzennego<\/a><a href=\"https:\/\/www.labunie.com.pl\/wp-content\/uploads\/2020\/03\/Wniosek-o-wydanie-za\u015bwiadczenia-o-po\u0142ozeniu-dzia\u0142ki-w-mpzp.pdf\" class=\"wp-block-file__button\" download>Pobierz<\/a><\/div>\n\n\n\n<div class=\"wp-block-file\"><a href=\"https:\/\/www.labunie.com.pl\/wp-content\/uploads\/2020\/03\/Wniosek-o-wydanie-za\u015bwiadczenia-o-po\u0142ozeniu-nieruchomosci-na-obszarze-rewitalizacji-b\u0105dz-na-obszarze-specjalnej-strefy-rewitalizacji.pdf\">Wniosek o wydanie za\u015bwiadczenia o po\u0142o\u017ceniu nieruchomo\u015bci na obszarze rewitalizacji b\u0105d\u017a na obszarze specjalnej strefy rewitalizacji<\/a><a href=\"https:\/\/www.labunie.com.pl\/wp-content\/uploads\/2020\/03\/Wniosek-o-wydanie-za\u015bwiadczenia-o-po\u0142ozeniu-nieruchomosci-na-obszarze-rewitalizacji-b\u0105dz-na-obszarze-specjalnej-strefy-rewitalizacji.pdf\" class=\"wp-block-file__button\" download>Pobierz<\/a><\/div>\n\n\n\n<div class=\"wp-block-file\"><a href=\"https:\/\/www.labunie.com.pl\/wp-content\/uploads\/2025\/09\/Wniosek-do-aktu-planowania-przestrzennego.pdf\">Wniosek do aktu planowania przestrzennego<\/a><a href=\"https:\/\/www.labunie.com.pl\/wp-content\/uploads\/2025\/09\/Wniosek-do-aktu-planowania-przestrzennego.pdf\" class=\"wp-block-file__button\" download>Pobierz<\/a><\/div>\n","protected":false},"excerpt":{"rendered":"","protected":false},"author":7,"featured_media":0,"parent":553,"menu_order":0,"comment_status":"closed","ping_status":"closed","template":"","meta":{"footnotes":""},"class_list":["post-19776","page","type-page","status-publish","hentry","clearfix"],"_links":{"self":[{"href":"https:\/\/www.labunie.com.pl\/index.php?rest_route=\/wp\/v2\/pages\/19776","targetHints":{"allow":["GET"]}}],"collection":[{"href":"https:\/\/www.labunie.com.pl\/index.php?rest_route=\/wp\/v2\/pages"}],"about":[{"href":"https:\/\/www.labunie.com.pl\/index.php?rest_route=\/wp\/v2\/types\/page"}],"author":[{"embeddable":true,"href":"https:\/\/www.labunie.com.pl\/index.php?rest_route=\/wp\/v2\/users\/7"}],"replies":[{"embeddable":true,"href":"https:\/\/www.labunie.com.pl\/index.php?rest_route=%2Fwp%2Fv2%2Fcomments&post=19776"}],"version-history":[{"count":5,"href":"https:\/\/www.labunie.com.pl\/index.php?rest_route=\/wp\/v2\/pages\/19776\/revisions"}],"predecessor-version":[{"id":41353,"href":"https:\/\/www.labunie.com.pl\/index.php?rest_route=\/wp\/v2\/pages\/19776\/revisions\/41353"}],"up":[{"embeddable":true,"href":"https:\/\/www.labunie.com.pl\/index.php?rest_route=\/wp\/v2\/pages\/553"}],"wp:attachment":[{"href":"https:\/\/www.labunie.com.pl\/index.php?rest_route=%2Fwp%2Fv2%2Fmedia&parent=19776"}],"curies":[{"name":"wp","href":"https:\/\/api.w.org\/{rel}","templated":true}]}}